 of 37 and p?
1
Let o be -2 + (10/(5 + -3) - -393). Let q = -305 + o. Let v(a) = -4*a + 1. Let h be v(-3). Calculate the highest common factor of h and q.
13
Let k = 27 + -11. Let h(j) = j**2 + 3*j - 332. Let t be h(17). What is the greatest common factor of t and k?
8
Let n = -1163 - -1208. Let m = 415 - 410. What is the highest common divisor of m and n?
5
Suppose -7*r = -26*r + 375 + 2057. Calculate the highest common divisor of 36 and r.
4
Suppose 11*j = 4117 - 2500. Calculate the greatest common divisor of j and 945.
21
Let x = 710 + -646. Let y(m) = -3*m. Let n(p) = 16*p + 1. Let d(g) = -2*n(g) - 11*y(g). Let i be d(18). Calculate the greatest common divisor of i and x.
16
Let n(y) be the third derivative of -y**4/4 - 8*y**3 - 24*y**2. Let b be n(-9). Let w be 6/21 - 744/(-42). What is the greatest common factor of b and w?
6
Let l(o) = 15*o**2 - 149*o + 26. Let n be l(-23). What is the greatest common divisor of n and 219?
219
Suppose -7*c = -2*c - 315. Suppose 3*o - 5*j - 96 = 0, 7*j - 52 = -o - 46. What is the greatest common divisor of c and o?
9
Suppose 1193*t = 1098*t + 36100. Let b(m) = -2*m**3 + 4*m - 2. Let o be b(-5). What is the greatest common factor of t and o?
76
Let f = -11000 + 12762. What is the greatest common factor of 4 and f?
2
Let z = -2069 - -2102. What is the highest common factor of z and 3784?
11
Let z = 137 + -17. Let t = 64 - z. Let c = -24 - t. Calculate the greatest common factor of c and 96.
32
Suppose 300*b = 48*b + 95256. Calculate the highest common divisor of b and 2709.
63
Let g(w) = 3*w**2 - 9*w + 6. Let h be g(6). Let f = -63 - 22. Let r = f - -109. What is the highest common divisor of h and r?
12
Let g = 8914 + -7341. What is the greatest common divisor of g and 726?
121
Let a be -464*((-180)/(-48))/(-5). What is the highest common divisor of 754 and a?
58
Suppose -164*o - 55 = -169*o. Let j = o + 1. What is the greatest common divisor of 708 and j?
12
Let g = 250 + 72. Let b = g + -283. Calculate the highest common divisor of b and 3.
3
Suppose -8 = -0*h - h + 3*g, -3*h - g - 16 = 0. Let u(x) = x**3 + 6*x**2 - 9*x - 13. Let m be u(h). Calculate the greatest common divisor of m and 165.
55
Let s(a) = -81*a + 833. Let u be s(7). What is the highest common factor of 3686 and u?
38
Let z(q) = -q**3 - 14*q**2 + 134*q - 199. Let o be z(-23). What is the greatest common divisor of o and 160?
40
Suppose -12*m + 14*m + 2*r = 18, 2*m - 18 = -4*r. Suppose 4*x + 2*w = 288, m*x - 12*x + 5*w + 242 = 0. What is the highest common factor of x and 259?
37
Let v be 21/(-6) + 6/(-4). Let j = 203 + v. What is the highest common divisor of j and 330?
66
Let p = 1313 - 399. Suppose -p = -6*g - 824. Let w(o) = o**3 + 6*o**2 + o. Let a be w(-5). What is the greatest common factor of g and a?
5
Let i be 2*-2 + (476 - -12). Suppose -j - 3*j = -i. Suppose 2*x - 3 = 19. Calculate the greatest common factor of j and x.
11
Let t(k) = 0*k - 2*k - 2*k + 70. Let f(w) = -32*w + 752. Let b be f(23). Let i be t(b). Calculate the highest common factor of 12 and i.
6
Let t be (-47)/(-1) - (-6 + 3 - -1). Suppose -5*k + 489 = -o + t, -k + 2*o = -88. What is the greatest common factor of 88 and k?
88
Suppose 9*c + 4*c + 2210 = 0. Let h = c - -192. Suppose 4*i - 2*i + 2*a + 4 = 0, i + 5*a + 18 = 0. Calculate the highest common divisor of i and h.
2
Let v = -21458 + 21550. What is the greatest common divisor of v and 10028?
92
Suppose r + 8 = 0, 5*u + 8*r = -0*r + 4296. Calculate the highest common divisor of 32 and u.
8
Let y = 2371 - 2245. What is the greatest common factor of 1575 and y?
63
Suppose -4*x + a + 4793 = 0, -101*x - 5*a - 4765 = -105*x. Calculate the greatest common factor of x and 192.
48
Let b be (230/(-70) + (-2)/(-7))*380. Let d be (-12)/(-1)*b/(-171). Suppose -3*u - 21 = -51. What is the highest common factor of d and u?
10
Let h(p) be the second derivative of p**5/2 + 27*p**4/4 - 3*p**3/2 - 4*p**2 - 2*p - 18. Let s be h(-8). What is the highest common factor of 96 and s?
32
Suppose -5*q = 3*a - 25, 3*a + 18 = -4*q + 38. Let j be (10/6)/q - 41/(-3). Let s = 27 + 43. What is the greatest common divisor of s and j?
14
Let d = 446 - 444. Suppose 2*g - 4*c = 700, 4*c = -g + d*c + 350. Calculate the greatest common divisor of 28 and g.
14
Suppose 326*v - 45936 = 297*v. What is the greatest common divisor of 66 and v?
66
Let m(b) = -b**3 - 6*b**2 - 19. Let z be m(-7). Let p = 32 - z. Suppose -9*x = -p*x - 70. Calculate the highest common factor of 60 and x.
10
Suppose -7*s + 10*s - 1347 = 3*b, 3*s - 1375 = -b. Calculate the highest common factor of s and 152.
152
Suppose -22*b - 120 + 4351 = -521. What is the highest common divisor of 1350 and b?
54
Suppose -5*h - l + 545 = 0, l - 215 = 16*h - 18*h. Suppose -3*t + 269 = 5*o, 2*t - t = o + 87. Calculate the highest common factor of h and t.
22
Let b be 69 + 276 + (-27)/3. Calculate the greatest common factor of 294 and b.
42
Let c(x) = -x**3 + 7*x**2 + 84*x - 21. Let p be c(13). Calculate the greatest common factor of 1121 and p.
19
Let v be ((-30)/8*6/(-5))/((-68)/(-1904)). What is the greatest common divisor of v and 2618?
14
Let k(b) = -22*b**2 - 39*b + 71. Let l(y) = 35*y**2 + 59*y - 107. Let z(g) = -8*k(g) - 5*l(g). Let x be z(-20). What is the greatest common factor of x and 1?
1
Let o(w) = 31*w - 55. Let l be o(2). Suppose 2 = 2*z, 3*u - l*u - 4*z + 156 = 0. What is the highest common divisor of 494 and u?
38
Suppose 2*d + 12 = 8*d. Suppose 26 = d*t + 4*l, -t - l - 7 = -5*t. Let r be (-1)/t + (420/18 - -1). Calculate the greatest common divisor of r and 96.
24
Let y be (36/10)/((-14)/(-28420)*-1)*-1. Calculate the greatest common divisor of 56 and y.
28
Suppose -12*a = -3*y - 16*a + 3507, 0 = 3*y + 3*a - 3501. What is the highest common factor of y and 108?
27
Suppose 0 = 21*b + 955 - 15067. What is the greatest common factor of 2 and b?
2
Let d = -80 - -80. Let u = 348 + -78. Suppose -14*c + 17*c - u = d. Calculate the greatest common divisor of 30 and c.
30
Suppose 9*a = 2 + 25. Suppose -a*b = -b. Suppose b*t - 3*t = -144. What is the greatest common divisor of 6 and t?
6
Suppose -5*u - 3*v - 22 = -60, -8*u + 55 = -v. What is the greatest common factor of u and 4375?
7
Suppose 3*o + 3570 = 73*o. What is the greatest common factor of 6 and o?
3
Let y be (14/35)/((-3)/(-780)). Let v(w) = -w**3 - 9*w**2 - 12*w - 15. Let z be v(-7). Let r = z + y. Calculate the greatest common factor of r and 30.
15
Let p be (153 + -123)*(0 + 848/6). What is the highest common divisor of 106 and p?
106
Let d(o) = o**3 + 42*o**2 + 78*o + 8. Let v be d(-40). Calculate the highest common factor of 110 and v.
22
Let p(w) = 3*w - 129. Let v be p(31). Let k be (12/v)/((-2)/234). Calculate the highest common divisor of 312 and k.
39
Let v(b) = 0*b + 31 + 2*b + 2*b - 2*b. Let j = -96 + 82. Let z be v(j). Calculate the greatest common factor of 2 and z.
1
Suppose -5*k = -5*y + 4 + 11, -3*k - 2*y + 16 = 0. Suppose 0 = 2*n + k*j - 206, 3*j = -n + 7*j + 108. What is the highest common divisor of 40 and n?
8
Let q be 23 + -3 - (4 + -2). Calculate the greatest common factor of 2007 and q.
9
Let b(x) = -83*x + 4488. Let u be b(48). What is the greatest common factor of u and 486?
18
Let p = 146 - 87. Let d = 63 - p. Suppose 0 = 4*h - 20 + d, 0 = -2*u - 5*h + 36. What is the highest common factor of u and 1?
1
Suppose -a = 2*a - 312. Let w = -581 - -749. Suppose 7*g + w = 28*g. What is the highest common divisor of g and a?
8
Suppose 3*f - 5*f = -8, -4*f = 3*r - 268. Let p be r + (-18)/(-3) + -2. What is the highest common factor of 16 and p?
8
Let v = -198287 - -198356. Suppose 17 = 3*o - 331. Let t = 162 - o. Calculate the highest common divisor of t and v.
23
Suppose -24*f + 17*f + 266 = 0. Suppose -f*l + 160 = -22*l. What is the highest common factor of l and 50?
10
Suppose 8 = 6*g - 2*g. Let k be ((-42)/(-70))/(((-2)/740)/(2/(-6))). What is the greatest common factor of g and k?
2
Suppose -405 = u + u + 3*b, -2*u - 399 = b. Let c = 201 + u. Calculate the highest common divisor of 8 and c.
1
Suppose 34*h + 9*h = 14964. What is the greatest common factor of 1 and h?
1
Let o be 13 - (-2)/(-4)*(-440)/44. Suppose -o*k - 2195 = -8189. Calculate the greatest common divisor of 74 and k.
37
Let h be -6*